nd 7791.
53
What is the greatest common factor of 6726 and 304?
38
What is the greatest common factor of 6 and 113082?
6
What is the greatest common factor of 46776 and 24?
24
What is the highest common factor of 2160 and 2300?
20
What is the highest common factor of 103 and 58?
1
Calculate the highest common divisor of 8527 and 7.
1
What is the greatest common factor of 868399 and 917?
917
What is the greatest common factor of 707 and 85951?
101
Calculate the highest common divisor of 31 and 412579.
31
Calculate the greatest common factor of 52569 and 22.
11
Calculate the highest common factor of 7074 and 378.
54
What is the highest common factor of 10596 and 2940?
12
Calculate the greatest common factor of 95563 and 13.
13
Calculate the highest common divisor of 11732 and 5516.
28
Calculate the highest common factor of 22356 and 3159.
243
Calculate the highest common divisor of 15114 and 6402.
66
Calculate the greatest common divisor of 15717 and 1023.
93
Calculate the highest common divisor of 27778 and 105995.
731
Calculate the greatest common factor of 2989 and 4361.
49
Calculate the highest common divisor of 143377 and 2132.
533
What is the greatest common divisor of 555 and 179635?
185
What is the greatest common factor of 1209 and 124124?
403
What is the greatest common factor of 602 and 95374?
86
Calculate the highest common factor of 1365033 and 3.
3
What is the greatest common factor of 46536 and 504?
168
Calculate the greatest common factor of 3056 and 11.
1
Calculate the greatest common factor of 2226 and 347150.
106
Calculate the highest common factor of 223704 and 585.
117
What is the greatest common factor of 3633 and 63?
21
Calculate the highest common factor of 1296 and 3824.
16
What is the highest common divisor of 19191 and 6?
3
Calculate the highest common divisor of 2759 and 11926.
89
Calculate the greatest common divisor of 102 and 498.
6
What is the greatest common factor of 2849 and 4543?
77
Calculate the highest common factor of 539 and 938.
7
What is the greatest common factor of 42 and 33030?
6
What is the greatest common divisor of 19178 and 37018?
446
Calculate the greatest common factor of 77232 and 3.
3
Calculate the highest common divisor of 38078 and 2528.
158
What is the highest common factor of 3072 and 52608?
384
Calculate the highest common factor of 4246721 and 62.
31
Calculate the greatest common divisor of 1363 and 47.
47
What is the greatest common divisor of 22035 and 50?
5
What is the highest common divisor of 13 and 220831?
13
What is the highest common divisor of 60239 and 1593?
59
Calculate the highest common factor of 232 and 149582.
58
What is the highest common divisor of 848 and 86920?
424
Calculate the highest common divisor of 8 and 64448.
8
What is the greatest common divisor of 2092944 and 336?
336
What is the greatest common divisor of 187860 and 303?
303
What is the highest common divisor of 23244 and 4602?
78
What is the greatest common divisor of 4146 and 2?
2
What is the greatest common divisor of 12 and 16068?
12
Calculate the greatest common divisor of 4833 and 729.
27
What is the highest common divisor of 188834 and 359?
359
What is the greatest common factor of 2529 and 141343?
281
Calculate the greatest common divisor of 50467 and 1389.
463
What is the highest common factor of 331653 and 714?
357
What is the highest common divisor of 4 and 5956?
4
What is the greatest common divisor of 36 and 68964?
12
What is the highest common divisor of 265 and 3127?
53
Calculate the highest common factor of 2090 and 8987.
209
What is the highest common factor of 385 and 160?
5
What is the greatest common factor of 1138 and 516083?
569
Calculate the highest common factor of 17227 and 11984.
749
Calculate the highest common factor of 23005 and 151405.
535
Calculate the highest common factor of 445510 and 345.
115
Calculate the highest common divisor of 109626 and 60.
6
Calculate the greatest common factor of 28 and 785267.
7
What is the highest common factor of 568 and 376?
8
What is the greatest common divisor of 45426 and 3216?
402
What is the greatest common factor of 376790 and 410?
410
Calculate the greatest common factor of 281577 and 423.
141
What is the greatest common divisor of 36001 and 160545?
973
Calculate the highest common factor of 99 and 11517.
33
Calculate the greatest common divisor of 24992 and 209.
11
Calculate the highest common divisor of 657 and 81117.
9
What is the highest common divisor of 195 and 7449?
39
What is the greatest common factor of 3101747 and 74?
37
Calculate the highest common factor of 35 and 1115.
5
Calculate the greatest common factor of 60 and 6071020.
20
What is the greatest common divisor of 2720 and 5120?
160
Calculate the highest common factor of 14 and 1532.
2
What is the highest common divisor of 2684280 and 15?
15
What is the highest common factor of 85290 and 990?
30
What is the highest common factor of 187 and 48484?
17
Calculate the highest common factor of 24382 and 33400.
334
Calculate the greatest common divisor of 36 and 5316.
12
What is the highest common factor of 659464 and 39?
13
Calculate the greatest common divisor of 9 and 277353.
9
Calculate the greatest common divisor of 5104 and 550.
22
Calculate the greatest common factor of 2 and 216254.
2
Calculate the greatest common factor of 672 and 609.
21
What is the highest common divisor of 12423 and 707?
101
Calculate the greatest common divisor of 181 and 173036.
181
Calculate the greatest common factor of 810 and 178830.
90
Calculate the greatest common divisor of 14682 and 822.
6
What is the highest common divisor of 2 and 326054?
2
Calculate the greatest common divisor of 180750 and 525.
75
Calculate the highest common factor of 2146 and 26973.
37
Calculate the greatest common factor of 122569 and 247.
19
Calculate the greatest common factor of 14 and 53123.
7
Calculate the greatest common factor of 264 and 8888.
88
What is the highest common factor of 67989 and 5895?
393
What is the highest common divisor of 538032 and 165?
33
What is the highest common divisor of 19 and 254581?
19
What is the greatest common factor of 38514 and 882?
294
What is the highest common factor of 150 and 1518?
6
Calculate the greatest common divisor of 2260 and 27060.
20
What is the highest common factor of 56608 and 305?
61
What is the greatest common divisor of 63 and 670986?
9
Calculate the greatest common factor of 7091 and 21.
7
Calculate the greatest common divisor of 2134776 and 12.
12
Calculate the greatest common factor of 1575222 and 13398.
1914
What is the highest common factor of 106 and 18842?
2
What is the highest common divisor of 7811 and 40018?
107
What is the greatest common divisor of 48 and 119706?
6
Calculate the highest common divisor of 1264648 and 28.
28
Calculate the highest common divisor of 32 and 10042.
2
What is the highest common divisor of 255316 and 852?
284
What is the highest common factor of 123 and 14063?
41
What is the greatest common divisor of 913 and 319?
11
What is the greatest common factor of 923 and 246725?
71
What is the greatest common divisor of 240480 and 1710?
90
What is the greatest common factor of 936 and 180128?
104
What is the greatest common divisor of 714 and 1071?
357
Calculate the greatest common factor of 341 and 3937.
31
What is the highest common factor of 2296 and 205?
41
What is the highest common divisor of 155 and 20940035?
155
Calculate the highest common divisor of 87024 and 896.
112
What is the highest common divisor of 1137 and 519?
3
Calculate the highest common divisor of 1043 and 3987389.
1043
Calculate the greatest common divisor of 200 and 3428.
4
Calculate the highest common divisor of 165345 and 1095.
1095
Calculate the highest common factor of 3240 and 306.
18
Calculate the highest common divisor of 190 and 45467.
19
Calculate the greatest common factor of 3556 and 5348.
28
Calculate the greatest common divisor of 9471 and 168.
21
Calculate the highest common factor of 12570 and 20.
10
Calculate the greatest common factor of 5859 and 1030533.
651
What is the highest common divisor of 14070 and 1281?
21
Calculate the greatest common divisor of 286989 and 20121.
1059
What is the highest common factor of 1872 and 1440000?
1